3*u - d = -2*z, z + 5*u - 63 = -3*z. Calculate the remainder when 57 is divided by z.
13
Let z = -349 + 617. Let c = z - 152. What is the remainder when c is divided by 9?
8
What is the remainder when 4220 is divided by (14664/(-49))/(404/(-1414)) - 8/(-14)?
28
Let x(v) = -67*v + 746. Calculate the remainder when 348 is divided by x(11).
6
Suppose 3*b - 4*k = -953, 0 = 4*k - 3*k + 1. Let w = b - -328. Calculate the remainder when 357 is divided by w.
6
Let v(l) = l + 301. What is the remainder when v(-21) is divided by 132?
16
What is the remainder when 1667 is divided by ((-644)/28 + 24)/(46/(-47) - -1)?
22
Suppose -q = 2*u - 969, 11*q = 14*q - 3. Suppose 4*s - l - u = 0, -2*s - 7*l + 244 = -8*l. What is the remainder when s is divided by 31?
27
Let p(v) = 11*v - 60. Let g be p(6). Let l(y) = -y**3 + 5*y**2 + 9*y - 13. Calculate the remainder when 21 is divided by l(g).
1
Let r be 18623/33 - (2 - 20/12). Suppose -5*u = -9*u + r. What is the remainder when u is divided by 11?
9
Let x(t) = 3*t + 25. Let c(o) = 1. Let a(d) = -4*c(d) + x(d). What is the remainder when a(4) is divided by 22?
11
Let x(l) = 2*l**3 - 7*l**2 + 1. Suppose -1063 = 7*f - 272. Let u = f + 117. What is the remainder when x(u) is divided by 3?
2
Let q = -5484 + 5494. Let y(c) = c**3 - 8*c**2 + 7*c - 14. What is the remainder when y(10) is divided by q?
6
Suppose -5*p - j + 137 = 0, -4*p + 4*j - j + 102 = 0. Let d(o) = -30*o**2 - 191*o + 138. Calculate the remainder when p is divided by d(-7).
2
Let k = 90 + -98. Calculate the remainder when 22/(-2 + 4) - 5 is divided by -3 + (1 - k/4) + 3.
0
Suppose 52*h - 37*h - 780 = 0. Suppose -192*g = -194*g + h. Suppose -4*c = -58 - 146. What is the remainder when c is divided by g?
25
Suppose -6 + 1 = -q. Let l(i) = -1 + 7 + 11 + q + i. What is the remainder when 41 is divided by l(0)?
19
What is the remainder when 155 is divided by (-5)/60 + (-10234)/(-120) + 8/10?
69
Suppose -16 = -k - 2*f, 3*k - 2*f = 37 - 21. Calculate the remainder when 103 is divided by k.
7
Let k(n) = n**2 - 2*n - 21. Let m be k(5). What is the remainder when 368 is divided by -3*(80/m + 3/(-9))?
40
Suppose -3*n = -3*z - 1128, -n = 437*z - 464*z - 116. Suppose -9*f = -5*f - 392. What is the remainder when n is divided by f?
92
Let u = 8650 + -8596. Calculate the remainder when 215 is divided by u.
53
Calculate the remainder when -2 - (-318)/2 - -45*(-47)/235 is divided by 9.
4
Let b = 19750 - 19338. What is the remainder when 422 is divided by b?
10
Let l = 20 + 17. Suppose 0 = -5*c + 5, o + 2 = 4*o - 4*c. What is the remainder when 15752/216 - o/(-27) is divided by l?
36
Let q = -373 - -394. What is the remainder when 0 + (-9 - -2) + 2 + 104 is divided by q?
15
Let n be (784/6)/2 + (-256)/(-384). Suppose 18*p - 150 = n. Calculate the remainder when p is divided by 9.
3
Suppose 3*g - 52 = -g. Suppose 3*w = 3*d - 4*d + 3369, -4*w + 4*d + 4492 = 0. What is the remainder when 48/(-456) - w/(-19) is divided by g?
7
Let b = 35 + -21. Suppose 4*l = 2*a + b, -7 = l - 0*a - 4*a. Suppose -117 = -4*z - l*z. Calculate the remainder when 47 is divided by z.
8
Suppose -47*a + 163 + 166 = 0. Suppose c - 2*k + a = k, -c - k = -9. Let o = -31 + 49. Calculate the remainder when o is divided by c.
3
Let j(l) = -l**3 + 9*l**2 + 14*l - 2. Let c be j(10). Suppose 0 = 3*m + 26 - c. What is the remainder when 31 is divided by m + (4/4 - -3)?
7
Let f(d) = d**3 + 8*d**2 - d - 6. Let x be f(-8). Let l = -26101 + 26192. Calculate the remainder when l is divided by (0 + -2)/x*-19.
15
Calculate the remainder when (190/4*2)/((-78)/(-1170)) is divided by 204.
201
Suppose -5*n = -5*i + 25, -4*i + 3*n + 16 + 3 = 0. Suppose 30 = 2*j - i*z, -z = -4*j + z + 60. Let h = 34 + 40. Calculate the remainder when h is divided by j.
14
Let i(j) = -j**3 + 32*j**2 - 62*j + 72. Suppose 6*y - 11*y = 5*m - 140, 0 = m + 5*y - 20. Calculate the remainder when 105 is divided by i(m).
9
Suppose 3*a - 99 = 3*i, -6*i + 5*i = -5. Suppose a*z - 35*z = 306. What is the remainder when z is divided by 21?
18
Let x = -10135 - -10180. Calculate the remainder when 14037 is divided by x.
42
Suppose -19*u + 280 = 4*u - 9*u. What is the remainder when u is divided by 14?
6
Suppose 0 = 8*u + 38 + 18 - 160. Let r(s) = 3*s**2 - 8*s + 3. Calculate the remainder when r(5) is divided by u.
12
Let w be (-2)/(-6) + 45/27. Suppose 60 = -4*b + w*b. Let a = b - -47. What is the remainder when 33 is divided by a?
16
Let c = 85 - 83. Suppose c*n - 7*t - 5 = -4*t, -6 = -n + 5*t. What is the remainder when 3 - (1/n - (148 - -2)) is divided by 17?
16
Suppose -103*t + 82*t + 2877 = 0. Calculate the remainder when t is divided by 20.
17
Suppose -140 + 48 = -45*m + 178. What is the remainder when 1293 is divided by m?
3
Suppose -16*j - 5*y = -12*j - 714, 2*y - 12 = 0. What is the remainder when j is divided by 45?
36
Let m = -8 + 12. Suppose -j + 470 = m*j. Let a = 210 + -185. What is the remainder when j is divided by a?
19
Let c(z) = 205*z - 1372. What is the remainder when c(7) is divided by 7?
0
Suppose -2*k - 3*k + 4*y - 8 = 0, y - 2 = -5*k. Suppose 0 = -k*p - 5*p + 470. Suppose -58*a = -403 - 1163. Calculate the remainder when p is divided by a.
13
Suppose 80 + 421 = 3*m. Let j = 196 - m. Calculate the remainder when 202 is divided by j.
28
Suppose -5*w + 6*w - 80 = -5*k, k + 110 = w. Let a = -1 - -10. What is the remainder when w is divided by a?
6
What is the remainder when 1773 is divided by -2 - -143*(3 - 3 - -2)?
69
Let y(x) = -113*x - 5047. Calculate the remainder when 211 is divided by y(-46).
60
Suppose 23*a - 31*a = 1440. Let m = a - -189. Calculate the remainder when 87 is divided by m.
6
Suppose 0 = -3*i + 2*a + 393, -126 = -1362*i + 1361*i - a. What is the remainder when 506 is divided by i?
119
What is the remainder when (-8)/((-8)/2757) - (3 + 0) is divided by 95?
94
Calculate the remainder when (-135 - -38)*6/(-2)*3 is divided by 431.
11
Let m be -9 + 13 + -2*2. Let o be (4/20*m)/(-2). Suppose 2*q = -a + 7*q + 74, o = 2*a - 3*q - 141. What is the remainder when a is divided by 12?
9
Let j = -10 + 40. Suppose 2*z = 5*z - j. Suppose -1188*t = -1190*t + 78. Calculate the remainder when t is divided by z.
9
Let z(x) = 67*x**2 + 294*x - 7. What is the remainder when z(-5) is divided by 63?
9
Suppose -3*y + 4*x - 761 = 0, -3*y = 4*x + 812 - 67. Let s = 252 + y. Let q = 9 + -6. Calculate the remainder when q is divided by s.
0
Suppose -60*h - 19*h = -16432. Calculate the remainder when 3117 is divided by h.
205
Let n(w) = -45*w**2 + 163*w - 15. What is the remainder when 2964 is divided by n(3)?
66
Let s = 14 + -10. Let q(o) = s*o + 6 - 2 - o - 17 + o**2. Calculate the remainder when 19 is divided by q(-6).
4
Calculate the remainder when ((-76)/(-3))/(2/6) is divided by ((-54)/(-12) - 6)*392/(-42).
6
Suppose -v + 6*v - 510 = 0. Suppose 5*u = -v + 427. Calculate the remainder when u is divided by 35.
30
What is the remainder when 1820 is divided by (-14 + (-1846)/(-52))*(28 + 0)?
14
Let x be (9 + 235)*(-3)/6. Let a = -93 - x. Calculate the remainder when 111 is divided by a.
24
Suppose 6*h - 165 = 3543. What is the remainder when h is divided by 23?
20
Let n(j) = 2*j**2 - 14*j - 12. What is the remainder when 328 is divided by n(9)?
16
Let t = 1798 + 994. What is the remainder when t is divided by 43?
40
Suppose -18*l - 936 + 5202 = 0. Suppose -8*p = -l + 53. Calculate the remainder when (10/(-4))/5*-270 is divided by p.
20
Suppose -t = 2*a - 10, -5*t + a + 20 + 85 = 0. Suppose -2119 = -249*y + 6596. What is the remainder when y is divided by t?
15
Suppose 8*u - 4*u = 0. Suppose 0*k - 2*k - 10 = u, n - k - 213 = 0. Let r = -134 + n. Calculate the remainder when r is divided by 26.
22
Suppose 3*q - 295 = -3*l + q, 5*l + 4*q - 495 = 0. Suppose 52*b - l = 51*b. Calculate the remainder when b is divided by 8.
7
Let q = -10182 - -10201. What is the remainder when 27 is divided by q?
8
Suppose 5*w - 10*w + 5*d = -285, w - 5*d - 69 = 0. Suppose -36 = -15*a + w. What is the remainder when 19 is divided by a?
1
Calculate the remainder when 186*(-208)/(-96) - (-2 + 0)*-4 is divided by 79.
0
What is the remainder when (3*(-4)/(-9))/(44/3168) is divided by 9?
6
Let z(q) = q**3 - 5*q**2 + 4*q. Let u be z(3). Let y(k) = k**3 + 5*k**2 - 8*k 